 (-10 + 3). Calculate w(h).
20
Let m(n) be the first derivative of -n**4/4 + n**3/3 - n**2 + n + 4. Suppose 134 = 4*u + 134. Let z be (0 - -7) + -7 + u + 1. What is m(z)?
-1
Suppose -10*z + 121 + 89 = 0. Suppose -13*i + z*i - 24 = 0. Let s(w) = -w**3 + w**2 + 6*w - 6. Calculate s(i).
-6
Let m = 14 - 20. Let g be ((-6)/12)/(-1 + (-5)/m). Let j(k) = -k**2 - 4*k + 1. Let c(w) = w**3 - w**2 + w - 1. Let n(i) = c(i) + j(i). Calculate n(g).
0
Suppose -4*y - 4*z + 12 = 20, 12 = -y + 4*z. Let i(c) = 5*c**2 + 4*c + 6. Determine i(y).
70
Let q(l) be the first derivative of -l**4/4 - l**3 - l**2 - 3*l - 379882. Let t = -6 + 4. Calculate q(t).
-3
Let r(v) be the third derivative of v**6/120 + v**5/15 - 23*v**4/24 - 4*v**3/3 - 2*v**2 - 1346*v. Calculate r(-7).
6
Let q(b) = b**3 + 16*b**2 - 7*b + 22. Let r(m) = -m**3 - 17*m**2 + 6*m - 23. Let k(l) = 5*q(l) + 4*r(l). Calculate k(-13).
-8
Let q(n) = -2*n + 4. Suppose -19 = -4*v - 3*m, -5*v + m = -4*m - 50. Let d(b) = -4 + 6*b - 3*b - 2*b + 2. Let o(y) = v*d(y) + 3*q(y). Calculate o(3).
1
Let f(t) be the second derivative of t**7/2520 - t**6/720 + t**5/24 - 7*t**4/2 - 217*t. Let q(x) be the third derivative of f(x). Determine q(4).
17
Let m = 6505 - 6506. Let r(z) = -z**2 + 2*z + 2. Give r(m).
-1
Suppose 206 = -14*c + 261 + 309. Let q(m) = m + 21. What is q(c)?
47
Suppose 0 = -5*r + 25, -2*i - r - 19 = -4*i. Let x(b) = -15*b + 5*b + i*b. Let j(a) = -a**2 + 4. Let t be j(0). Determine x(t).
8
Let h(w) = 2*w**2 + 120*w - 916. Let p be h(7). Let v(k) = -k**3 + 22*k**2 + 23. What is v(p)?
23
Let w(c) be the second derivative of -5*c**3/3 + c**2 - 2241*c. Determine w(-1).
12
Let k(c) be the second derivative of -1/3*c**3 + 0 - 54*c + 6*c**2. What is k(9)?
-6
Let p = -6516 + 6509. Let w(s) = -s**3 - 5*s**2 + 18*s + 7. What is w(p)?
-21
Let x(b) = -8*b + 14. Let v(f) = 3*f - 6. Let r(h) = -5*v(h) - 2*x(h). Let m(z) = -z + 6. Let j be m(4). Calculate r(j).
4
Let i(l) = l**3 + 7*l**2 + 14*l + 9. Let k(z) = 6*z + 20. Let p be k(-4). What is i(p)?
1
Let x(n) = -10*n**2 + 2*n + 0*n + 2*n - 2*n + n**3. Suppose -248 = 358*h - 2586 - 1242. Give x(h).
20
Let m(z) = -2*z - 10. Let k = 17 + -11. Suppose -3*q - 4 - k = -2*d, -3*q + 30 = 3*d. Suppose 0 = -3*s - 4*x - d, -4*s - 2*x - 39 + 15 = 0. Give m(s).
6
Let s(z) = 3 - 8 - 10*z + 13*z + 2. Let v(l) = 4*l**2 - 53*l + 18. Let j be v(13). What is s(j)?
12
Suppose c = 2, 4*c - 219 = -y - 215. Let x(a) = -a**2 + 2*a + 25. Determine x(y).
1
Let o(w) = -2*w**3 - 23*w**2 + 17*w + 55. Let k = -7074 + 7062. Determine o(k).
-5
Let n be 1*(7 + -2 + 1). Let j(a) = -2*a + 521. Let y(d) = -9*d + 2856. Let s(t) = -11*j(t) + 2*y(t). What is s(n)?
5
Let q(a) = a - 6. Let c be q(13). Let z(w) be the third derivative of 0 + 0*w + 1/4*w**4 + 1/3*w**3 - 1/60*w**5 + 53*w**2. Calculate z(c).
-5
Let z(j) be the second derivative of 0 - 11/2*j**2 - 103*j - 1/2*j**3. What is z(-7)?
10
Let p(v) be the second derivative of 9*v + v**2 - 1/2*v**3 - 1/12*v**4 + 0. What is p(1)?
-2
Let u be -6 - (2 + (0 - 1)). Let g(f) be the third derivative of -f**4/12 - 2*f**3 + 16883*f**2. What is g(u)?
2
Suppose -66 - 7 = 31*i + 175. Let v(z) = -23*z - 188. Determine v(i).
-4
Let w(o) = 25. Let q(h) = 44*h + 294. Let j(x) = q(x) - 5*w(x). Calculate j(-4).
-7
Let f be 15/2*((-11)/(-220))/(1/16). Let n(w) = w**2 - 12*w + 3. Give n(f).
-33
Let x(p) be the second derivative of p**3/6 + 5*p**2/2 + 4348*p + 1. Let u = 4 - 7. Let i be ((-1)/2)/(u/(-30)). Calculate x(i).
0
Let x(p) = -p**3 + 6*p**2 - p + 1. Let w be x(6). Let n(q) = 3*q**3 - 7*q + 7. Let l(o) = -o**3 - o**2 + o - 1. Let j(f) = w*l(f) - n(f). Give j(-3).
-17
Let c(t) = -28*t**3 - 2*t + 1. Suppose -2*z + 8 = -4*b, 16 + 2 = -3*z - 4*b. Let y be (3/27*-6)/(z/3). What is c(y)?
-29
Let r(l) = 4*l**2 - 81*l + 22. Let x be r(20). Let q(d) be the second derivative of 0*d**3 + 0 - 25*d - 1/12*d**4 + 3/2*d**x. Give q(0).
3
Let o(f) be the second derivative of -f**4/6 - 2*f**3 + 3*f**2/2 - 5*f + 588. Calculate o(-6).
3
Let l(v) = -180*v + 391. Let w(c) = -313*c + 781. Let x(u) = 7*l(u) - 4*w(u). Give x(-49).
5
Let o(m) = 2 - 1408*m + 8*m**2 + 2790*m - m**3 - 1393*m. Determine o(6).
8
Suppose -4*k - 41 = -h - 30, 2*k - 3*h - 7 = 0. Let w(s) = s**3 + 9*s**2 - 3. Calculate w(k).
77
Let n(j) = 3*j**2 + 5*j + 2. Suppose -3*f = -r - 14 - 3, -4*f + 3*r + 16 = 0. Let k(q) = 5*q**2 + 9*q + 3. Let y(p) = f*n(p) - 4*k(p). What is y(2)?
4
Let l(w) be the first derivative of w**3/3 + 13*w**2/2 + 33*w - 2288. Calculate l(-4).
-3
Let l(a) = -a**3 - 15*a**2 - 5. Let f = -194 + 179. Let m be l(f). Let d(i) = i**2 + 3*i + 1. What is d(m)?
11
Let w(t) = 3*t**2 + 7*t + 1. Let d(m) = -5*m**2 - 10*m - 1. Let y(j) = -5*d(j) - 8*w(j). Let r(o) = o**2 + 72*o + 1299. Let v be r(-34). Calculate y(v).
4
Let v be -1 - ((-51 - -3) + 5). Let c be (-3 + v/18)/((-4)/66). Let h(d) = -c*d**3 + 8*d**2 + 1 + 0 - 7*d**2 - 2*d. Determine h(1).
-11
Let p(c) be the third derivative of -c**6/120 - c**5/10 - c**4/6 - c**3/3 + 79*c**2 - 2. Suppose -8 - 67 = 15*s. What is p(s)?
-7
Let y(b) be the third derivative of -b**6/120 - b**5/15 + b**4/4 - b**3/3 + 110*b**2 + b - 1. Determine y(-5).
-7
Let o(g) be the first derivative of g**5/15 + g**4/8 - g**3/6 + 31*g**2/2 + 69. Let q(l) be the second derivative of o(l). Give q(2).
21
Let v(i) = -i - 35 + 2*i + 55 - 24. Suppose 0 = -5*r - 2*m - m + 14, 2*r - 4*m - 16 = 0. Determine v(r).
0
Let x(b) be the third derivative of -5*b**4/6 - b**3/3 - 5879*b**2. Give x(-3).
58
Let p(c) = -60*c - 2. Let a be 1/4 - ((-69)/115 - 37/(-20)). Calculate p(a).
58
Suppose -4*a = -4*q - 8, 0 = -2*a - a + 4*q + 6. Let k(m) be the first derivative of -9/2*m**2 + 3*m - 181. Determine k(a).
-15
Let r(d) = -144*d + 100. Let s(g) = -5*g + 2. Let j(m) = r(m) - 26*s(m). Determine j(4).
-8
Suppose 25 = 79*t - 29*t - 25. Let h(f) be the second derivative of 0*f**2 - 2*f + 0 + f**4 + 1/6*f**3. Determine h(t).
13
Let g(u) be the second derivative of u**3/2 + 36*u**2 - 2354*u. Calculate g(-21).
9
Let p(h) = -h**2 + 10*h - 36. Suppose 1008 = 48*r + 78*r. Calculate p(r).
-20
Let d(g) = -g**2 - 12*g + 22. Let a = -1079 - -1067. Determine d(a).
22
Let i = 10721 + -10734. Let m(p) = 2*p**2 + 23*p - 17. Determine m(i).
22
Suppose 971 = -5*l + 1016, 3*l + 21 = 4*a. Let s(n) = -n**3 + 13*n**2 - 18*n + 71. What is s(a)?
-1
Let p be 8 - 1 - 4 - 0. Let n(g) = -53*g - p + 28*g + 6 + 24*g. Calculate n(4).
-1
Suppose 3*x - 96 = 2*y, 0*x - 32 = -x - 2*y. Let m(r) = 4 - 98*r**2 + 7*r + x*r**2 + 36*r**2 + 29*r**2. Determine m(6).
10
Let a(y) = y**2 - 7*y - 14. Let w = -4 - -7. Suppose w*g - 4 = 23. Let d be a(g). Let x(i) = -i**2 + 4*i + 2. Determine x(d).
2
Let j(g) = 37*g - 138*g - g**2 + 27*g + 10 + 27*g + 33*g. What is j(-15)?
-5
Let t = 0 - 2. Let u be -4 + (15/4)/((-243)/(-324)). Let x(w) = -1 - u + 1147*w - 1143*w. Determine x(t).
-10
Let b be 0 - (-28)/6*-3. Let i(t) = -3*t + 280. Let u(a) = -8*a + 860. Let k(p) = -3*i(p) + u(p). Give k(b).
6
Let p(u) = 0 - u - 2 + 4. Let x be 6/(-9)*-57*10/(-2). Let r = 185 + x. Calculate p(r).
7
Let p(m) = 6*m + 38. Let f be p(-6). Let v(l) = 24 + 1 + 65*l**f - 64*l**2. Calculate v(0).
25
Let h(n) = 3*n**3 - 38*n**2 - 30*n - 61. Let s(o) = -o**3 + 13*o**2 + 10*o + 20. Let l(a) = 3*h(a) + 8*s(a). Give l(11).
-12
Suppose 7*t = -17*t + 40*t + 96. Let l(g) = -g**3 - 6*g**2 - 6*g - 3. Give l(t).
33
Let q(w) = -5*w - 1. Let y(k) = -33 - 19*k - 22*k - 21*k + 49*k. Let g be y(-3). Calculate q(g).
-31
Let x(w) = -22*w - 86. Let y be x(20). Let l = y + 531. Let c(k) = -k**3 + 6*k**2 - 5*k + 7. Give c(l).
7
Let p = 12 - 16. Let x(n) be the third derivative of -42*n**2 + 0 + 0*n + 1/24*n**4 - 5/6*n**3 + 1/60*n**5. Give x(p).
7
Let y = 195 - 153. Let b = 35 - y. Let l(k) = -k**3 - 8*k**2 - 5*k + 8. What is l(b)?
-6
Let t(h) = -2*h**3 - 15*h**2 - 3*h - 79. Let l be t(-8). Let z(x) = -x**2 + 3*x + 57. Determine z(l).
3
Let b(h) = -h**3 - 5*h**2 - 7*h - 24. Let k be b(-4). Let x(f) = f**2 + 10*f - 13. Calculate x(k).
11
Suppose -12*f - 51899 = -52259. Let g(j) be the third derivative of 0*j - 1/60*j**5 + 1/6*j**3 + 0 + f*j**2 + 1/6*j**4. Determine g(2).
5
Let p(n) = n**3 + 21*n**2 - 44*n + 67. Let y(w) = 119*w - 261. Let m be y(2). Determine p(m).
21
Let a(j) = 77*j + 1932. Let y be a(-2